**4 + 0 - 4*d - 7/6*d**3 + 2*d**2. Let r be (8/(-4))/(2/7). Determine x(r).
4
Let b(v) = -v**2 + 5*v - 4. Let w(p) = p - 1. Let j(t) = -3*b(t) + 12*w(t). Let d(s) = s**2 - 3*s + 2. Let f be d(3). Give j(f).
6
Let m(j) = j**2. Let v be m(2). Suppose -3*y + v*y = -z + 1, 10 = -2*z + 2*y. Let w be (5 - 9)*(z - -1). Let h(k) = -2*k**2 + 5*k. Give h(w).
-12
Let b(z) = -1097*z + 1098*z - 3 + 4. Suppose 4*y + 4*g = y - 27, 2*g = 4*y + 36. What is b(y)?
-8
Let l(f) = 4*f**3 + 2*f**2 - 1. Let z be l(1). Let a(c) be the first derivative of z*c - 5*c**2 + 5*c**2 - 3*c - 7 - c**2. Calculate a(3).
-4
Let b(p) be the first derivative of 3*p + 13*p**2 - 8*p - 9*p**2 + 2*p - 41. Give b(3).
21
Let g(y) = -y**2 - 9*y - 12. Let p(m) = m**3 - 17*m**2 + 17*m - 23. Let a be p(16). Let w be g(a). Let n(d) = -d**2 - d - 2. Determine n(w).
-8
Let n(t) = 2*t**2 + 4*t - 4. Let a = -80 - -83. Suppose -q = -a*q + 2*z - 4, 0 = -q + 3*z + 2. Calculate n(q).
12
Let g(f) be the second derivative of f**3/6 - 8*f**2 + 28*f. What is g(11)?
-5
Let t(b) = -b**3 - 4*b**2 - 3*b + 4. Let v = -10 + 9. Let q(l) = l**2 + l. Let y(p) = v*t(p) - q(p). Let n be -3 + 2 + (-4)/2. Give y(n).
-10
Let v(s) = -6*s**2 + 4*s + 3. Let b(j) = 7*j**2 - 4*j - 4. Let d(h) = -4*b(h) - 5*v(h). Let g(c) = -c**2 - 5*c + 3. Let m be g(-5). Give d(m).
7
Suppose 5*f - 3*a - 16 = 1, f - 9 = -5*a. Let t(b) = -f*b - 3 + 8*b + 4. What is t(-3)?
-11
Let o(d) be the second derivative of -d**5/20 + d**4/3 + 5*d**3/3 - 4*d**2 - 24*d. Let p(i) = -i**2 + 7*i. Let f be p(6). What is o(f)?
-20
Suppose 0 = -m + 22. Let v = m - 18. Let c(b) = 4*b - 3*b**2 + v*b**2 - 3*b. Calculate c(-2).
2
Let j(z) = -9*z - 2. Suppose -10 + 56 = -23*n. Give j(n).
16
Let y(x) = x**3 - 3*x**2 + 4*x - 1. Suppose 3*u - 8 = 1. What is y(u)?
11
Let n(f) = 9*f - 31. Let j be n(4). Let m(g) = -9*g + 7. Let x(d) = -1 + 4 - 5*d + 0. Let p(v) = 3*m(v) - 5*x(v). Give p(j).
-4
Let v(m) = -m**3 - 17*m**2 + 2*m + 25. Suppose 5*u + 70 = -3*o, 118*o - 119*o = -4*u - 73. Determine v(u).
-9
Let i(u) be the third derivative of -1/120*u**6 - 1/8*u**4 - 5/6*u**3 + 0*u - u**2 + 1/12*u**5 + 0. Let l = 14 - 10. Determine i(l).
-1
Suppose -4*d = -z - 5, -5*d - 125 = -2*z + 6*z. Let n = 17 + z. Let y = n - -10. Let l(o) = -o**3 - o**2. What is l(y)?
-12
Let f(b) = -1. Let v(n) = 4*n - 5. Let g(s) = -3*f(s) + v(s). Let r be 3 + -6*(-2 + (-12)/(-8)). Let c be 12/(-9) + (-4)/r. Calculate g(c).
-10
Let a(o) be the first derivative of -o**2 + 5*o - 90. Calculate a(-4).
13
Let g = -427 + 423. Let a(l) = l**2 - 1. Give a(g).
15
Let c(f) be the third derivative of 0 - 1/6*f**3 + 1/60*f**5 + 5*f**2 + 0*f - 1/24*f**4. Let l = -8 - -6. Calculate c(l).
5
Let i(c) be the third derivative of -c**6/120 + c**4/24 + c**3/3 + 61*c**2. Give i(2).
-4
Suppose -15 = -2*z - 2*l - 5, z = -5*l - 7. Let b(n) = n**3 - 8*n**2 - 7*n + 12. Determine b(z).
-44
Let m = 23 + -18. Suppose -3*b - 2*g - 2 = 0, 0*g + 2*g + 18 = m*b. Let d(o) = -o**2 + 5 + 3*o**b + 2*o - o**2 + 4*o. Calculate d(-6).
5
Let c(b) = -5*b - 2. Let m(s) = 7*s + 1. Let z(x) = -4*c(x) - 3*m(x). Let o be -4 + 11 - (1 - 0). Give z(o).
-1
Let d(q) be the first derivative of -q**3/3 - 5*q**2 + q - 3913. Let k(f) = -10*f**2 + f + 1. Let y be k(-1). Give d(y).
1
Let t be (0 + -6)/(23*(-4)/(-46)). Let r(a) = -4*a - 12. Calculate r(t).
0
Let b(s) = s**3 + s**2 + 1. Let h(g) = -6*g**3 + 2*g**2 - 6*g - 4. Let c(k) = -5*b(k) - h(k). Let o = 55 + -27. Let f = 34 - o. Calculate c(f).
-1
Let k(c) = -1. Suppose 19*h - 16*h = 3. Let l(g) = -6*g + 4. Let o(m) = h*l(m) + 5*k(m). Give o(-1).
5
Let c(x) be the second derivative of -x**3/2 - x**2/2 - 58*x. Let y be 2/(-3) + 6/(-18). Let l be (-2 - -1)*(2 - y). Determine c(l).
8
Let d(a) = a**2 + 3*a - 5*a - a + 10 + 2*a. Suppose -959*f + 966*f = 0. Give d(f).
10
Suppose 3*a = 3*y, 0 = 2*a + y + 3*y - 12. Suppose 6 = -a*r - j, -7 = 3*j - 1. Let t(h) be the first derivative of -h**3/3 - h**2/2 + h + 4. Calculate t(r).
-1
Let g(o) = -o**3 - 3*o**2 + 2*o + 1. Let b(m) = -4*m**3 - 13*m**2 + 9*m + 6. Let k(q) = -2*b(q) + 9*g(q). Give k(-2).
1
Let a(v) = v**2 - 5*v + 2. Let y = 178 + -172. Calculate a(y).
8
Let b(c) = c**3 - 14*c**2 - 16*c - 4. Let g(z) = -z**2 - z - 1. Let m(v) = b(v) - 5*g(v). Give m(10).
-9
Let x(g) = -5*g**2 - 2*g + 2. Let a be 4/((-16)/12) - 7. Let o(w) = -w + 2. Let f be o(a). Let h = -14 + f. Give x(h).
-14
Let o(f) = 5*f**3 + 3*f**2 - 2*f. Suppose -5*p + v = -0*p, 2*p + 3 = v. Determine o(p).
6
Let x(m) = -2*m**2 + m + 2. Let n(k) = -2*k**2 + k + 2. Let d(t) = -3*n(t) + 4*x(t). Let j(w) = -71 + 3*w + 0*w + 64. Let l be j(3). Calculate d(l).
-4
Let s(b) = -13*b**3 + 19*b**2 - 5*b - 20. Let l(g) = 11*g**3 - 18*g**2 + 6*g + 19. Let f(y) = 6*l(y) + 5*s(y). Determine f(12).
2
Let y(k) = -k**3 + 4*k**2 + 14*k - 8. Suppose 66 = 55*g - 44*g. Give y(g).
4
Let f(b) = -5*b**2 - 2*b + 2. Let u(p) be the second derivative of -p**4/6 + p**2/2 - 47*p. Let q(h) = f(h) - 2*u(h). What is q(-4)?
-8
Let h(y) be the first derivative of -y**4/4 + 7*y**3/3 - y**2/2 + 9*y - 300. Calculate h(7).
2
Let y(m) = -m**3 - 6*m**2 + 8. Let z = -21 - -30. Let x(q) = q**2 - 9*q. Let n be x(z). Suppose -8*g + 3*g - 30 = n. Give y(g).
8
Let l(t) = -12*t - 8. Let u be l(4). Let m be (-1136)/u - 2/7. Let o(z) = 2 - 12*z + m*z - 13*z. Determine o(-2).
12
Let d = 2 - 2. Let l(g) = 1 + 3 + 8 - 5 + 4 + g. What is l(d)?
11
Suppose -v - 134 = 3*i, -3*i + v - 150 = -2*v. Let w be 22/(-77) - i/14. Let z(p) = 3*p + 1. Give z(w).
10
Let x(f) = -f**3 + f**2 + 1. Suppose -z - 2*h + 4 = z, 4*h + 28 = 2*z. Let p(k) = -k**3 + 6*k**2 - k + 6. Let q be p(z). Give x(q).
1
Let p(s) = -s + 8. Let q(g) = 32*g - 650. Let o be q(20). Calculate p(o).
18
Let d(w) = 0*w**3 + 4*w + 0*w + 19*w**2 + w - w**3 - 15*w**2. Give d(-1).
0
Let a(p) = 1 - p**2 - p + 6*p - 4. Suppose -2*q - 6 = -4*q. Let f be 30/9*q/2. Give a(f).
-3
Let g(p) = -5*p**2 - 48*p + 26. Let s(h) = 2*h**2 + 17*h - 9. Let w(j) = 3*g(j) + 8*s(j). Calculate w(5).
-9
Suppose 3*o - 18 = -3*l, -5*o + 18 = 30*l - 28*l. Let g(m) = -m**2 + m + 3. What is g(l)?
-9
Let k(b) = -1 + 5*b - 18*b + 2*b + 9*b. Give k(-4).
7
Suppose v = -4*o + 6*v + 14, 3*v = -6. Let p(w) be the second derivative of 2*w - 3/2*w**3 + 1/2*w**2 + 15. Calculate p(o).
-8
Let y(z) be the second derivative of -z**3/6 - 3*z**2/2 + 5*z. Let c(w) = 10*w + 64. Let o be c(-6). What is y(o)?
-7
Let u = -15 + 19. Suppose 0 = u*o - v + 4*v - 17, 3*v - 11 = -o. Let m(z) = -z**3 - 4 + 13 - o*z**2 + 2*z**2 - 9*z + 7*z**2. What is m(6)?
-9
Let c(h) = -h**2 - 1. Let r(w) = -5*w**2 - 2*w - 8. Let k(v) = -4*c(v) + r(v). What is k(-3)?
-7
Let a(f) = 20*f**3 + f**2 + 9*f + 51. Let g(h) = 9*h**3 + h**2 + 4*h + 23. Let p(w) = -4*a(w) + 9*g(w). Calculate p(-6).
-33
Let f(h) = h**2 - 6*h - 19. Let d(w) = 2*w**2 - 13*w - 38. Let l(z) = 3*d(z) - 7*f(z). Let c be l(6). Let v(p) = -3*p**2 + p - 1. Determine v(c).
-3
Let q(o) = o**2 - o - 1. Let v = 68 - 66. Let d(a) = 3*a**2 - 8*a + 1. Let h(g) = v*q(g) - d(g). What is h(5)?
2
Let d(g) = -g**3 - 5*g**2 - 4*g + 4. Let f be d(-4). Let n = -1 + 17. Let s(o) = -31 - 2*o + 16 + n + o**2. What is s(f)?
9
Let h(u) = -u**2 - 7*u - 10. Let n be 1/(-2) + (-63)/(-70)*-5. What is h(n)?
0
Let l(v) be the third derivative of v**4/6 + v**3/6 + 114*v**2. Determine l(6).
25
Let z(p) = 62*p**2 - 48*p**2 - 17*p**2 - 6 - 2*p. Give z(-4).
-46
Let k(j) = -2*j - 20. Let z(w) = w + 7. Let n(x) = -3*k(x) - 8*z(x). Give n(-9).
22
Let l be 10/(1 - (1 - 2)). Suppose l*x - 2*x + 4*b - 11 = 0, x + 5*b = 11. Let g(n) = -1 - 2*n**3 - 5*n**3 + 0 + 2*n**2. Calculate g(x).
-6
Let r(t) = t**2 - 6*t - 34. Let b be r(9). Let x(g) = -3*g - 8. Calculate x(b).
13
Let r(h) be the third derivative of 0*h + 0 - 10*h**2 - 1/3*h**3 + 1/6*h**4. What is r(-3)?
-14
Let a(i) be the second derivative of i**4/12 - i**3/6 - i**2/2 + 73*i. Determine a(-1).
1
Let r(p) = -2 + 3 - 6*p**2 + 2*p + 7*p**2 - 4. Determine r(-7).
32
Suppose -5*u + 20 = -2*f - f, 3*f + 10 = -5*u. Let b(m) be the first derivative of m**4/4 + 4*m**3/3 - 5*m**2/2 + 6*m - 4. What is b(f)?
6
Suppose 0 = 5*g + 3*t - 8*t - 20, -t = -4. Let r(c) = -c - 2*c**3 + 10*c**2 + 97 + c**3 - 101 - 7*c - c**2. Determine r(g).
-4
Let s(c) = c**2 - 4*c + 2. Let q = 17 + -11. Determine s(q)